{"id":50,"date":"2020-02-25T12:09:01","date_gmt":"2020-02-25T11:09:01","guid":{"rendered":"https:\/\/gite-du-misfon.fr\/?page_id=50"},"modified":"2023-11-28T14:09:53","modified_gmt":"2023-11-28T12:09:53","slug":"un-logis-vintage-70","status":"publish","type":"page","link":"https:\/\/gite-du-misfon.fr\/","title":{"rendered":"Un h\u00e9bergement chaleureux, ambiance Vintage ann\u00e9es 70, tout pr\u00e8s de La Fl\u00e8che"},"content":{"rendered":"<p><script type=\"text\/javascript\" src=\"\/\/gadget.open-system.fr\/widgets-libs\/rel\/noyau-1.0.min.js\"><\/script><br \/>\n<script type=\"text\/javascript\">\n( function() {\n\tvar widgetProduit = AllianceReseaux.Widget.Instance( \"Produit\", { idPanier:\"8x3y8_M\", idIntegration:946, langue:\"fr\", ui:\"OSMB-118377\" } );\n\twidgetProduit.Initialise();\n})();\n<\/script><\/p>\n<div id=\"widget-produit-OSMB-118377\"><\/div>\n\n\n\n<figure class=\"wp-block-video aligncenter\"><video height=\"720\" style=\"aspect-ratio: 1280 \/ 720;\" width=\"1280\" autoplay controls poster=\"\" src=\"https:\/\/gite-du-misfon.fr\/wp-content\/uploads\/2021\/07\/Video-Gite-Misfon-1-3.mov\" playsinline><\/video><\/figure>\n\n\n\n<p style=\"text-align: center;\">Bienvenue au G\u00eete du Misfon, un h\u00e9bergement chaleureux dont le style vintage vous fera replonger en 1970 !<\/p>\n\n\n\n<p style=\"text-align: center;\">Une escale id\u00e9ale pour organiser vos r\u00e9unions de famille, week-ends d\u00e9tente ou encore d\u00e9placements professionnels, dans un cadre calme et verdoyant avec un grand parc arbor\u00e9, un \u00e9tang, une piscine chauff\u00e9e et s\u00e9curis\u00e9e.<\/p>\n<p style=\"text-align: center;\"><strong><span class=\"tadv-color\" style=\"color: #fcb900;\">Un voyage dans le temps assur\u00e9 !<\/span><\/strong><\/p>\n<h2 style=\"text-align: center;\"><span style=\"color: #3366ff;\"><a style=\"color: #3366ff;\" href=\"https:\/\/gite-du-misfon.fr\/index.php\/prestations-detaillees-du-gite\/\" data-wplink-edit=\"true\">D\u00e9tails de la location&#8230;<\/a><\/span><\/h2>\n\n\n\n<figure class=\"wp-block-gallery aligncenter has-nested-images columns-default is-cropped wp-block-gallery-1 is-layout-flex wp-block-gallery-is-layout-flex\"><\/figure>\n\n\n\n<p><\/p>\n\n\n\n<p><\/p>\n\n\n","protected":false},"excerpt":{"rendered":"<p>Bienvenue au G\u00eete du Misfon, un h\u00e9bergement chaleureux dont le style vintage vous fera replonger en 1970 ! Une escale&hellip;<\/p>\n","protected":false},"author":1,"featured_media":0,"parent":0,"menu_order":0,"comment_status":"closed","ping_status":"closed","template":"","meta":{"footnotes":""},"class_list":["post-50","page","type-page","status-publish","hentry"],"yoast_head":"<!-- This site is optimized with the Yoast SEO plugin v27.5 - https:\/\/yoast.com\/product\/yoast-seo-wordpress\/ -->\n<title>Un h\u00e9bergement chaleureux, ambiance Vintage ann\u00e9es 70, tout pr\u00e8s de La Fl\u00e8che - G\u00eete du Misfon h\u00e9bergements insolites<\/title>\n<meta name=\"description\" content=\"G\u00eete du Misfon est un g\u00eete d&#039;exception Vintage de style Californien qui vous fera replonger dans les ann\u00e9es 70, d&#039;une capacit\u00e9 de 12 personnes.\" \/>\n<meta name=\"robots\" content=\"index, follow, max-snippet:-1, max-image-preview:large, max-video-preview:-1\" \/>\n<link rel=\"canonical\" href=\"https:\/\/gite-du-misfon.fr\/\" \/>\n<meta property=\"og:locale\" content=\"fr_FR\" \/>\n<meta property=\"og:type\" content=\"article\" \/>\n<meta property=\"og:title\" content=\"Un h\u00e9bergement chaleureux, ambiance Vintage ann\u00e9es 70, tout pr\u00e8s de La Fl\u00e8che - G\u00eete du Misfon h\u00e9bergements insolites\" \/>\n<meta property=\"og:description\" content=\"G\u00eete du Misfon est un g\u00eete d&#039;exception Vintage de style Californien qui vous fera replonger dans les ann\u00e9es 70, d&#039;une capacit\u00e9 de 12 personnes.\" \/>\n<meta property=\"og:url\" content=\"https:\/\/gite-du-misfon.fr\/\" \/>\n<meta property=\"og:site_name\" content=\"G\u00eete du Misfon\" \/>\n<meta property=\"article:modified_time\" content=\"2023-11-28T12:09:53+00:00\" \/>\n<meta name=\"twitter:card\" content=\"summary_large_image\" \/>\n<meta name=\"twitter:label1\" content=\"Dur\u00e9e de lecture estim\u00e9e\" \/>\n\t<meta name=\"twitter:data1\" content=\"1 minute\" \/>\n<script type=\"application\/ld+json\" class=\"yoast-schema-graph\">{\"@context\":\"https:\\\/\\\/schema.org\",\"@graph\":[{\"@type\":\"WebPage\",\"@id\":\"https:\\\/\\\/gite-du-misfon.fr\\\/\",\"url\":\"https:\\\/\\\/gite-du-misfon.fr\\\/\",\"name\":\"Un h\u00e9bergement chaleureux, ambiance Vintage ann\u00e9es 70, tout pr\u00e8s de La Fl\u00e8che - G\u00eete du Misfon h\u00e9bergements insolites\",\"isPartOf\":{\"@id\":\"https:\\\/\\\/gite-du-misfon.fr\\\/#website\"},\"datePublished\":\"2020-02-25T11:09:01+00:00\",\"dateModified\":\"2023-11-28T12:09:53+00:00\",\"description\":\"G\u00eete du Misfon est un g\u00eete d'exception Vintage de style Californien qui vous fera replonger dans les ann\u00e9es 70, d'une capacit\u00e9 de 12 personnes.\",\"breadcrumb\":{\"@id\":\"https:\\\/\\\/gite-du-misfon.fr\\\/#breadcrumb\"},\"inLanguage\":\"fr-FR\",\"potentialAction\":[{\"@type\":\"ReadAction\",\"target\":[\"https:\\\/\\\/gite-du-misfon.fr\\\/\"]}]},{\"@type\":\"BreadcrumbList\",\"@id\":\"https:\\\/\\\/gite-du-misfon.fr\\\/#breadcrumb\",\"itemListElement\":[{\"@type\":\"ListItem\",\"position\":1,\"name\":\"Home\",\"item\":\"https:\\\/\\\/gite-du-misfon.fr\\\/\"},{\"@type\":\"ListItem\",\"position\":2,\"name\":\"Un h\u00e9bergement chaleureux, ambiance Vintage ann\u00e9es 70, tout pr\u00e8s de La Fl\u00e8che\"}]},{\"@type\":\"WebSite\",\"@id\":\"https:\\\/\\\/gite-du-misfon.fr\\\/#website\",\"url\":\"https:\\\/\\\/gite-du-misfon.fr\\\/\",\"name\":\"G\u00eete du Misfon\",\"description\":\"h\u00e9bergements insolites\",\"potentialAction\":[{\"@type\":\"SearchAction\",\"target\":{\"@type\":\"EntryPoint\",\"urlTemplate\":\"https:\\\/\\\/gite-du-misfon.fr\\\/?s={search_term_string}\"},\"query-input\":{\"@type\":\"PropertyValueSpecification\",\"valueRequired\":true,\"valueName\":\"search_term_string\"}}],\"inLanguage\":\"fr-FR\"}]}<\/script>\n<!-- \/ Yoast SEO plugin. -->","yoast_head_json":{"title":"Un h\u00e9bergement chaleureux, ambiance Vintage ann\u00e9es 70, tout pr\u00e8s de La Fl\u00e8che - G\u00eete du Misfon h\u00e9bergements insolites","description":"G\u00eete du Misfon est un g\u00eete d'exception Vintage de style Californien qui vous fera replonger dans les ann\u00e9es 70, d'une capacit\u00e9 de 12 personnes.","robots":{"index":"index","follow":"follow","max-snippet":"max-snippet:-1","max-image-preview":"max-image-preview:large","max-video-preview":"max-video-preview:-1"},"canonical":"https:\/\/gite-du-misfon.fr\/","og_locale":"fr_FR","og_type":"article","og_title":"Un h\u00e9bergement chaleureux, ambiance Vintage ann\u00e9es 70, tout pr\u00e8s de La Fl\u00e8che - G\u00eete du Misfon h\u00e9bergements insolites","og_description":"G\u00eete du Misfon est un g\u00eete d'exception Vintage de style Californien qui vous fera replonger dans les ann\u00e9es 70, d'une capacit\u00e9 de 12 personnes.","og_url":"https:\/\/gite-du-misfon.fr\/","og_site_name":"G\u00eete du Misfon","article_modified_time":"2023-11-28T12:09:53+00:00","twitter_card":"summary_large_image","twitter_misc":{"Dur\u00e9e de lecture estim\u00e9e":"1 minute"},"schema":{"@context":"https:\/\/schema.org","@graph":[{"@type":"WebPage","@id":"https:\/\/gite-du-misfon.fr\/","url":"https:\/\/gite-du-misfon.fr\/","name":"Un h\u00e9bergement chaleureux, ambiance Vintage ann\u00e9es 70, tout pr\u00e8s de La Fl\u00e8che - G\u00eete du Misfon h\u00e9bergements insolites","isPartOf":{"@id":"https:\/\/gite-du-misfon.fr\/#website"},"datePublished":"2020-02-25T11:09:01+00:00","dateModified":"2023-11-28T12:09:53+00:00","description":"G\u00eete du Misfon est un g\u00eete d'exception Vintage de style Californien qui vous fera replonger dans les ann\u00e9es 70, d'une capacit\u00e9 de 12 personnes.","breadcrumb":{"@id":"https:\/\/gite-du-misfon.fr\/#breadcrumb"},"inLanguage":"fr-FR","potentialAction":[{"@type":"ReadAction","target":["https:\/\/gite-du-misfon.fr\/"]}]},{"@type":"BreadcrumbList","@id":"https:\/\/gite-du-misfon.fr\/#breadcrumb","itemListElement":[{"@type":"ListItem","position":1,"name":"Home","item":"https:\/\/gite-du-misfon.fr\/"},{"@type":"ListItem","position":2,"name":"Un h\u00e9bergement chaleureux, ambiance Vintage ann\u00e9es 70, tout pr\u00e8s de La Fl\u00e8che"}]},{"@type":"WebSite","@id":"https:\/\/gite-du-misfon.fr\/#website","url":"https:\/\/gite-du-misfon.fr\/","name":"G\u00eete du Misfon","description":"h\u00e9bergements insolites","potentialAction":[{"@type":"SearchAction","target":{"@type":"EntryPoint","urlTemplate":"https:\/\/gite-du-misfon.fr\/?s={search_term_string}"},"query-input":{"@type":"PropertyValueSpecification","valueRequired":true,"valueName":"search_term_string"}}],"inLanguage":"fr-FR"}]}},"_links":{"self":[{"href":"https:\/\/gite-du-misfon.fr\/index.php\/wp-json\/wp\/v2\/pages\/50","targetHints":{"allow":["GET"]}}],"collection":[{"href":"https:\/\/gite-du-misfon.fr\/index.php\/wp-json\/wp\/v2\/pages"}],"about":[{"href":"https:\/\/gite-du-misfon.fr\/index.php\/wp-json\/wp\/v2\/types\/page"}],"author":[{"embeddable":true,"href":"https:\/\/gite-du-misfon.fr\/index.php\/wp-json\/wp\/v2\/users\/1"}],"replies":[{"embeddable":true,"href":"https:\/\/gite-du-misfon.fr\/index.php\/wp-json\/wp\/v2\/comments?post=50"}],"version-history":[{"count":52,"href":"https:\/\/gite-du-misfon.fr\/index.php\/wp-json\/wp\/v2\/pages\/50\/revisions"}],"predecessor-version":[{"id":769,"href":"https:\/\/gite-du-misfon.fr\/index.php\/wp-json\/wp\/v2\/pages\/50\/revisions\/769"}],"wp:attachment":[{"href":"https:\/\/gite-du-misfon.fr\/index.php\/wp-json\/wp\/v2\/media?parent=50"}],"curies":[{"name":"wp","href":"https:\/\/api.w.org\/{rel}","templated":true}]}}